w(-32)?
3
Let p(k) = -12*k**2 + 24837*k - 173261. Give p(7).
10
Let b(x) = 66*x - 1747. Calculate b(45).
1223
Let o(s) = -5*s**2 + 8140*s + 106770. Calculate o(-13).
105
Let v(z) = -5*z**2 - 480*z - 11315. Give v(-25).
-2440
Let m(b) = b**2 + 2379*b + 192811. Give m(-84).
31
Let s(x) = 85*x**3 - 1557*x**2 + 447*x + 708. Calculate s(18).
6
Let u(i) = -2*i**3 - 55*i**2 - 127*i - 30. Give u(-2).
20
Let y(r) = -3*r**3 - 20*r**2 - 46*r - 81. Calculate y(-10).
1379
Let j(a) = a**2 - 1299*a + 405. Give j(0).
405
Let z(p) = -p**3 + 82*p**2 - 648*p + 9233. Give z(75).
8
Let q(t) = t**3 - 38*t**2 + 346*t + 257. Calculate q(18).
5
Let b(g) = -g**3 - 60*g**2 + 100*g + 15434. Calculate b(-57).
-13
Let j(c) = 129*c**2 - 53*c + 90. Determine j(2).
500
Let l(a) = 6478*a - 5720. Calculate l(1).
758
Let z(h) = 214*h**3 + 57780*h**2 - 9*h - 2433. Determine z(-270).
-3
Let z(w) = 2*w**3 - 115*w**2 + 848*w - 45086. Calculate z(57).
1
Let b(u) = -22*u**2 + 3976*u - 6950. What is b(179)?
-148
Let w(g) = -2*g**3 - 75*g**2 - 609*g + 727. What is w(-14)?
41
Let j(h) = 31956*h + 1725976. What is j(-54)?
352
Let s(f) = -630*f - 4723. What is s(-6)?
-943
Let k(v) = -24967*v - 549190. Give k(-22).
84
Let j(l) = -5*l**3 - 5*l**2 + 29*l + 49. Give j(-2).
11
Let o(r) = -r**3 - 37*r**2 - 257*r + 412. Calculate o(-27).
61
Let o(y) = -2*y**3 - 14*y**2 - 7538*y - 68165. Give o(-9).
1
Let h(j) = -24*j**2 - 141*j + 708. Give h(-9).
33
Let q(b) = -4*b**2 - 97*b + 637. Give q(11).
-914
Let d(r) = 448*r - 124546. Determine d(278).
-2
Let t(a) = -10*a**2 + 252*a + 127. Determine t(-7).
-2127
Let h(f) = -192*f + 3561. What is h(18)?
105
Let m(p) = p**3 - 93*p**2 - 113*p + 823. Give m(94).
-963
Let v(h) = -211*h + 12375. Determine v(55).
770
Let l(a) = a**3 + 63*a**2 + 290*a + 6597. Give l(-60).
-3
Let q(j) = 8906*j + 21019. What is q(-2)?
3207
Let i(n) = -1810*n + 5024. Determine i(3).
-406
Let g(v) = 5631*v + 22670. Calculate g(-4).
146
Let j(z) = z**2 + 8549*z + 76830. Determine j(-9).
-30
Let g(m) = -878*m - 5188. Calculate g(-5).
-798
Let r(h) = -53499*h + 427988. Calculate r(8).
-4
Let f(q) = -24236*q - 509060. Give f(-21).
-104
Let l(d) = 44*d**2 - 162*d + 111. Determine l(3).
21
Let m(y) = -3756*y - 394366. Give m(-105).
14
Let v(n) = 1710*n - 923299. What is v(540)?
101
Let w(o) = -424*o - 221225. Give w(-522).
103
Let z(p) = -p**3 + 115*p**2 + 597*p + 251. Calculate z(120).
-109
Let m(l) = 278158*l - 19749236. Calculate m(71).
-18
Let n(k) = k**3 - 132*k**2 + 61*k + 25875. Give n(130).
5
Let o(n) = 213*n**2 + 2107*n - 8626. Determine o(-13).
-20
Let j(m) = 2*m**3 - 16*m**2 - 141*m + 2045. Calculate j(11).
1220
Let q(i) = 491*i + 30436. Calculate q(-62).
-6
Let b(t) = t**3 - 52*t**2 - 9*t - 920. What is b(0)?
-920
Let x(h) = -14*h**2 + 297*h + 47803. What is x(70)?
-7
Let k(r) = -r**3 - 18*r**2 - 424*r - 9960. Calculate k(-21).
267
Let q(v) = -13*v**2 + 968*v + 52717. Give q(111).
-8
Let n(u) = 9537*u + 458006. Give n(-48).
230
Let m(u) = -589*u + 4323. Determine m(6).
789
Let w(g) = g**2 - 2182*g - 1385745. What is w(-514)?
-1
Let h(g) = 59037*g + 2538595. Determine h(-43).
4
Let b(d) = 12472*d + 349303. Determine b(-28).
87
Let z(d) = -1512*d + 204199. Give z(134).
1591
Let t(k) = -40*k**3 - 1882*k**2 - 100*k - 304. What is t(-47)?
-22
Let l(h) = -6266*h - 188463. Give l(-30).
-483
Let g(n) = n**3 + 154*n**2 - 1098*n + 4671. Determine g(-161).
2
Let f(j) = 1049*j**2 - 4181*j - 80. What is f(4)?
-20
Let s(n) = -n**2 + 681*n + 359491. Calculate s(-349).
21
Let x(s) = -42443*s - 127284. Calculate x(-3).
45
Let q(n) = -n**2 + 182947*n + 1280686. Calculate q(-7).
8
Let x(u) = -u**3 - 72*u**2 - 137*u + 11. Calculate x(-70).
-199
Let i(r) = -92*r + 1897. Calculate i(23).
-219
Let t(a) = -6269*a - 50165. Calculate t(-8).
-13
Let j(b) = -162*b - 51852. Give j(-320).
-12
Let n(s) = 59*s**3 + 450*s**2 + 894*s. Determine n(-2).
-460
Let j(i) = -2*i**2 - 28462*i + 199351. Determine j(7).
19
Let d(k) = k**2 - 612*k - 26196. Give d(-40).
-116
Let q(s) = 2*s**3 + s**2 - 190*s + 587. Give q(3).
80
Let g(l) = 77015*l - 77005. Calculate g(1).
10
Let u(z) = 47*z + 4327. Calculate u(-102).
-467
Let z(p) = 2*p**3 - 35*p**2 - 7103*p - 352. Calculate z(69).
-76
Let l(s) = -s**2 + 5857*s + 796668. Calculate l(-133).
-2
Let h(c) = -5*c**2 + 1467*c - 32354. Determine h(24).
-26
Let j(a) = -33*a**2 - 1819*a - 9703. What is j(-6)?
23
Let z(p) = p**3 + 72*p**2 - 3832*p - 277044. Give z(-71).
69
Let p(q) = -188*q**2 + 10128*q + 11634. Give p(55).
-26
Let k(t) = 6*t**2 + 358*t - 8558. Give k(-79).
606
Let j(t) = 9*t**3 + t**2 - 2532*t + 4988. Determine j(2).
0
Let k(w) = -206*w + 4309. Give k(21).
-17
Let d(g) = -16365*g - 82004. Calculate d(-5).
-179
Let o(f) = -4*f**3 + 8*f**2 + 53*f + 66. What is o(-4)?
238
Let f(c) = 1089*c - 346143. Determine f(318).
159
Let a(f) = 16758*f + 837898. Determine a(-50).
-2
Let k(f) = 8*f**3 + 49*f**2 + 666*f + 3943. Give k(-6).
-17
Let t(a) = -a**3 + 73*a**2 + 1110*a + 78. Calculate t(86).
-610
Let u(z) = -3*z**3 + 39*z**2 - 2*z - 390. What is u(12)?
18
Let i(x) = -2*x**2 + 289883*x - 579759. What is i(2)?
-1
Let l(x) = 57*x - 1869. Calculate l(37).
240
Let q(r) = r**3 + 43*r**2 + 314*r - 8. Give q(-34).
-280
Let s(k) = -179*k**2 + 419*k - 120. Calculate s(2).
2
Let v(q) = 7*q - 391. Give v(-6).
-433
Let a(v) = -7823*v + 77851. Give a(10).
-379
Let r(i) = 54*i**2 + 202*i + 624. What is r(-3)?
504
Let c(g) = -g**3 - 42*g**2 - 42*g + 2917. Determine c(-39).
-8
Let r(f) = 73520*f + 1176322. Give r(-16).
2
Let l(q) = q**3 - 27*q**2 + 167*q - 139. Give l(7).
50
Let z(q) = -110*q - 227. Determine z(1).
-337
Let m(w) = -35*w**3 + 11*w**2 + 32*w. Calculate m(-4).
2288
Let g(y) = y**3 - 34*y**2 - y + 21. Calculate g(34).
-13
Let m(b) = -b**2 + 330*b - 27953. Determine m(185).
-1128
Let w(n) = -29*n**3 - 5*n**2 - 5128*n - 10245. Calculate w(-2).
223
Let v(r) = -43*r**3 - 4472*r**2 - 25*r - 2595. Calculate v(-104).
5
Let y(z) = -5*z**3 - 374*z**2 + 43*z - 2409. Give y(-75).
-9
Let h(t) = -45*t**3 + 22*t**2 - 4*t + 9. Determine h(1).
-18
Let z(n) = -74458*n - 4467476. What is z(-60)?
4
Let m(i) = -1163*i - 49920. Calculate m(-43).
89
Let b(u) = -47*u**2 + 32*u + 1. Determine b(7).
-2078
Let v(k) = -k**3 + 612*k**2 - 41198*k + 253. What is v(77)?
22
Let f(c) = -2*c**3 + 15*c**2 - 2572*c - 2588. Give f(-1).
1
Let w(s) = 4*s + 25. What is w(-26)?
-79
Let u(s) = 15144*s + 89889. Determine u(-6).
-975
Let x(s) = -291*s + 14652. What is x(52)?
-480
Let v(g) = 58807*g + 764479. Determine v(-13).
-12
Let m(d) = -570766*d + 1712296. What is m(3)?
-2
Let f(v) = -4908*v + 883390. Calculate f(180).
-50
Let p(r) = r**3 - 92*r**2 + 110*r - 1435. Calculate p(91).
294
Let b(s) = -2*s**3 + 353*s**2 - 2061*s + 118. What is b(6)?
28
Let o(s) = s**3 + 2*s**2 - 936*s - 7848. Calculate o(-9).
9
Let v(j) = 207171*j - 41641361. Determine v(201).
10
Let p(r) = -1034*r + 468412. What is p(453)?
10
Let o(d) = -d**2 - 2372620*d + 33216870. What is o(14)?
-6
Let g(h) = 19*h**2 - 12318*h - 108405. What is g(657)?
0
Let t(s) = -7*s**2 + 30*s - 44. What is t(-8)?
-732
Let q(r) = 2*r**2 + 54*r - 481. Calculate q(13).
559
Let d(n) = 3*n**3 + 26*n**2 + 326*n + 2062. Calculate d(-7).
25
Let m(d) = 14*d**2 - 7*d + 53. Calculate m(-2).
123
Let v(i) = -1389*i + 17544. Determine v(10).
3654
Let h(l) = -1033*l**2 - 5118*l + 239. Calculate h(-5).
4
Let n(o) = 23638*o + 992752. What is n(-42)?
-44
Let f(t) = -35*t**2 + 349*t - 7. Calculate f(-4).
-1963
Let w(i) = 8088*i + 7952. Calculate w(-1).
-136
Let n(j) = j**3 - 151*j**2 - 145*j - 681. Calculate n(152).
383
Let w(j) = 229*j**2 - 151480*j - 78116. Determine w(662).
0
Let n(q) = 92*q**2 + 7839*q + 15303. Determine n(-2).
-7
Let w(u) = u**2 - 17*u - 462. Give w(34).
116
Let m(h) = -h**3 - 1910*h**2 - 5073*h - 6040075. Calculate m(-1909).
1
Let l(m) = -179*m - 8514. Give l(-45).
-459
Let h(m) = -91*m + 19404. Calculate h(212).
112
Let j(u) = -1848*u + 343647. Calculate j(186).
-81
Let i(q) = -3*q**3 - 34*q**2 - 180*q - 550. Calculate i(-6).
-46
Let q(r) = -2*r**3 + 77*r**2 - 394*r - 705. What is q(32)?
-1
Let p(c) = c**2 + 411*c + 7646. What is p(-391)?
-174
Let s(g) = 4*g**3 - 31*g**2 - 81*g - 6. What is s(11)?
676
Let k(t) = 14*t**3 + 112*t**2 + 27*t + 187. Give k(-8).